INSERT INTO `gssim_results`.`user` (`id`, `dn`) VALUES
(1, 'irondn'),
(2, 'irondn2');

INSERT INTO `gssim_results`.`configuration` (`id`) VALUES
(2),
(3);

INSERT INTO `gssim_results`.`blob_property` (`config_id`, `name`, `value`) VALUES
(2, 'Network topology', 0x31320a526f757465725f50534e430a526f757465725f4345534e45540a526f757465725f44464e0a526f757465725f474152520a526f757465725f4b54480a526f757465725f4845414e65740a526f757465725f5357495443480a526f757465725f48554e4741524e45540a526f757465725f526564495249530a526f757465725f49324341540a526f757465725f4643434e0a526f757465725f47524e45540a31380a526f757465725f4b54480909526f757465725f4845414e65740909310933303009313530303030300a526f757465725f4b54480909526f757465725f50534e430909310933303009313530303030300a526f757465725f50534e430909526f757465725f44464e0909310933303009313530303030300a526f757465725f50534e430909526f757465725f474152520909310933303009313530303030300a526f757465725f50534e430909526f757465725f4345534e45540909310933303009313530303030300a526f757465725f44464e0909526f757465725f474152520909310933303009313530303030300a526f757465725f44464e0909526f757465725f4345534e45540909310933303009313530303030300a526f757465725f44464e0909526f757465725f5357495443480909310933303009313530303030300a526f757465725f474152520909526f757465725f4345534e45540909310933303009313530303030300a526f757465725f474152520909526f757465725f526564495249530909310933303009313530303030300a526f757465725f4345534e45540909526f757465725f47524e45540909310933303009313530303030300a526f757465725f47524e45540909526f757465725f48554e4741524e45540909310933303009313530303030300a526f757465725f47524e45540909526f757465725f526564495249530909310933303009313530303030300a526f757465725f48554e4741524e45540909526f757465725f5357495443480909310933303009313530303030300a526f757465725f526564495249530909526f757465725f49324341540909310933303009313530303030300a526f757465725f526564495249530909526f757465725f4643434e0909310933303009313530303030300a526f757465725f526564495249530909526f757465725f4845414e65740909310933303009313530303030300a526f757465725f5357495443480909526f757465725f4845414e65740909310933303009313530303030300a32300a50534e432d766e536572766572310909526f757465725f50534e430909310933303009313530303030300a50534e432d766e536572766572320909526f757465725f50534e430909310933303009313530303030300a50534e432d726f757465720909526f757465725f50534e430909310933303009313530303030300a4345534e45542d766e536572766572310909526f757465725f4345534e45540909310933303009313530303030300a4345534e45542d766e536572766572320909526f757465725f4345534e45540909310933303009313530303030300a4345534e45542d726f757465720909526f757465725f4345534e45540909310933303009313530303030300a44464e2d766e536572766572310909526f757465725f44464e0909310933303009313530303030300a44464e2d766e536572766572320909526f757465725f44464e0909310933303009313530303030300a44464e2d726f757465720909526f757465725f44464e0909310933303009313530303030300a474152522d766e536572766572310909526f757465725f474152520909310933303009313530303030300a474152522d766e536572766572320909526f757465725f474152520909310933303009313530303030300a474152522d726f757465720909526f757465725f474152520909310933303009313530303030300a4b54482d766e5365727665720909526f757465725f4b54480909310933303009313530303030300a4845414e65742d766e5365727665720909526f757465725f4845414e65740909310933303009313530303030300a5357495443482d766e5365727665720909526f757465725f5357495443480909310933303009313530303030300a48554e4741524e45542d766e5365727665720909526f757465725f48554e4741524e45540909310933303009313530303030300a526564495249532d766e5365727665720909526f757465725f526564495249530909310933303009313530303030300a49324341542d766e5365727665720909526f757465725f49324341540909310933303009313530303030300a4643434e2d766e5365727665720909526f757465725f4643434e0909310933303009313530303030300a47524e45542d766e5365727665720909526f757465725f47524e45540909310933303009313530303030300a310a42726f6b6572496e74657266616365456e7469747920526f757465725f50534e432031202020202033303020202020313530303030300a),
(3, 'Network topology', 0x2320746f74616c206e756d626572206f6620726f75746572730a32350a23206561636820726f75746572206e616d650a506f7a6e616e0a4764616e736b0a576172737a6177610a57726f636c61770a4b72616b6f770a4b6f737a616c696e0a537a637a6563696e0a476f727a6f77576c6b700a427964676f737a637a0a546f72756e0a4f6c737a74796e0a4269616c7973746f6b0a5a69656c6f6e61476f72610a4c6f647a0a5261646f6d0a50756c6177790a4c75626c696e0a4f706f6c650a437a6573746f63686f77610a476c69776963650a4b69656c63650a527a65737a6f770a4269656c736b6f4269616c610a4b61746f776963650a5a616d6f73630a0a2320746f74616c206e756d626572206f6620636f6e6e656374696f6e73206265747765656e20726f75746572730a33300a2320636f6e6e656374696f6e73206265747765656e20726f75746572730a4764616e736b204b6f737a616c696e2032302033303020313530303030300a4764616e736b204f6c737a74796e2032302033303020313530303030300a4f706f6c6520476c69776963652032302033303020313530303030300a4b6f737a616c696e20537a637a6563696e2032302033303020313530303030300a537a637a6563696e20476f727a6f77576c6b702032302033303020313530303030300a427964676f737a637a20546f72756e2032302033303020313530303030300a5261646f6d204b69656c63652032302033303020313530303030300a4269656c736b6f4269616c61204b72616b6f772032302033303020313530303030300a506f7a6e616e20576172737a6177612032302033303020313530303030300a4f6c737a74796e204269616c7973746f6b20312036303020313530303030300a4b69656c6365204b72616b6f772032302033303020313530303030300a476c6977696365204b61746f776963652032302033303020313530303030300a57726f636c6177204f706f6c652032302033303020313530303030300a437a6573746f63686f7761204c6f647a2032302033303020313530303030300a527a65737a6f77204b72616b6f7720312036303020313530303030300a4c75626c696e205a616d6f73632032302033303020313530303030300a437a6573746f63686f7761204b61746f776963652032302033303020313530303030300a506f7a6e616e205a69656c6f6e61476f72612032302033303020313530303030300a576172737a617761204269616c7973746f6b2032302033303020313530303030300a546f72756e204764616e736b2032302033303020313530303030300a427964676f737a637a20506f7a6e616e2032302033303020313530303030300a506f7a6e616e20476f727a6f77576c6b702032302033303020313530303030300a4c6f647a20576172737a6177612032302033303020313530303030300a5261646f6d20576172737a6177612032302033303020313530303030300a50756c617779205261646f6d2032302033303020313530303030300a50756c617779204c75626c696e2032302033303020313530303030300a527a65737a6f77205a616d6f73632032302033303020313530303030300a4c6f647a20506f7a6e616e2032302033303020313530303030300a5a69656c6f6e61476f72612057726f636c61772032302033303020313530303030300a4269656c736b6f4269616c6120476c69776963652032302033303020313530303030300a0a2320746f74616c206e756d626572206f66207265736f75726365730a350a2320636f6e6e656374696f6e73206265747765656e207265736f7572636520616e6420726f757465720a5043535320506f7a6e616e2032302031303020313530303030300a574353532057726f636c61772032302031303020313530303030300a437966726f6e6574204b72616b6f772032302031303020313530303030300a43495441534b204764616e736b2032302031303020313530303030300a49434d20576172737a6177612032302031303020313530303030300a0a2320746f74616c206e756d626572206f662075736572730a310a2320636f6e6e656374696f6e206265747765656e207573657220616e6420726f757465720a42726f6b6572496e74657266616365456e74697479205a69656c6f6e61476f72612032302032303020313530303030300a);

INSERT INTO `gssim_results`.`text_property` (`config_id`, `name`, `value`) VALUES
(2, 'Grid scheduling', 'GridschedulingFCFSSR'),
(2, 'Local grid scheduling', 'FCFSAllocPolicy'),
(2, 'Execution time estimation', 'ExecutionTimeEstimationPluginImpl'),
(3, 'Grid scheduling', 'GridschedulingARFCFS'),
(3, 'Local grid scheduling', 'LocalGridPluginAR'),
(3, 'Execution time estimation', 'ExecutionTimeEstimationPluginImpl');

INSERT INTO `gssim_results`.`experiment` (`PK`, `user_id`, `config_id`, `commission_date`, `name`, `description`, `status`, `metaexp_id`) VALUES
(2, 1, 2, NULL, 'exp1', 'exp1 desc', 'FINISHED', NULL),
(3, 2, 3, NULL, 'exp1', 'exp1 desc', 'RUNNING', NULL),
(4, 1, 2, NULL, 'exp1', 'exp1 desc', 'FAILED', NULL),
(5, 2, 3, NULL, 'exp1', 'exp1 desc', 'FINISHED', NULL);
